{"id":401,"date":"2015-12-08T19:16:00","date_gmt":"2015-12-08T18:16:00","guid":{"rendered":"https:\/\/bmtcasasdeves.wordpress.com\/?page_id=331"},"modified":"2015-12-08T19:16:00","modified_gmt":"2015-12-08T18:16:00","slug":"san-silvestre-casasdevesana","status":"publish","type":"page","link":"https:\/\/bmtcasasdeves.com\/index.php\/san-silvestre-casasdevesana\/","title":{"rendered":"IV San Silvestre 2016"},"content":{"rendered":"<p style=\"text-align:center;\">[<a href=\"https:\/\/www.cronomancha.com\/component\/eventdata\/371\" target=\"_blank\" rel=\"noopener\">RESULTADOS<\/a>]<\/p>\n<p style=\"text-align:center;\"><img loading=\"lazy\" decoding=\"async\" class=\"alignnone size-full wp-image-1491\" src=\"https:\/\/bmtcasasdeves.com\/wp-content\/uploads\/2017\/01\/captura-de-pantalla-2017-01-01-a-las-23-32-52.png\" alt=\"captura-de-pantalla-2017-01-01-a-las-23-32-52\" width=\"570\" height=\"639\" srcset=\"https:\/\/bmtcasasdeves.com\/wp-content\/uploads\/2017\/01\/captura-de-pantalla-2017-01-01-a-las-23-32-52.png 570w, https:\/\/bmtcasasdeves.com\/wp-content\/uploads\/2017\/01\/captura-de-pantalla-2017-01-01-a-las-23-32-52-268x300.png 268w\" sizes=\"auto, (max-width: 570px) 100vw, 570px\" \/><\/p>\n<p style=\"text-align:center;\">[<a href=\"https:\/\/goo.gl\/photos\/CvkisLtKW3QKmZf58\" target=\"_blank\" rel=\"noopener\">FOTOS ANA ADELA<\/a>]<\/p>\n<p style=\"text-align:center;\">[<a href=\"https:\/\/goo.gl\/photos\/UrpSAUsxWUfWBZAQA\" target=\"_blank\" rel=\"noopener\">FOTOS ASCEN P\u00c9REZ<\/a>]<\/p>\n<p style=\"text-align:center;\">[<a href=\"https:\/\/goo.gl\/photos\/pCKGZH1mJC3mDPbE6\" target=\"_blank\" rel=\"noopener\">FOTOS INMA G\u00d3RRIZ<\/a>]<\/p>\n<p style=\"text-align:center;\">[<a href=\"https:\/\/www.facebook.com\/bmtcasasdeves\/videos\/1190075551073748\/\" target=\"_blank\" rel=\"noopener\">VIDEO SALIDA<\/a>]<\/p>\n<p style=\"text-align:center;\">[<a href=\"https:\/\/www.youtube.com\/watch?v=1iIu3L9T3Hg\" target=\"_blank\" rel=\"noopener\">VIDEO META<\/a>]<\/p>\n<p><a href=\"https:\/\/bmtcasasdeves.com\/wp-content\/uploads\/2016\/12\/sansilvestre20161.jpg\" target=\"_blank\" rel=\"noopener\"><img loading=\"lazy\" decoding=\"async\" class=\"alignnone size-full wp-image-1403\" src=\"https:\/\/bmtcasasdeves.com\/wp-content\/uploads\/2016\/12\/sansilvestre20161.jpg\" alt=\"sansilvestre2016\" width=\"2480\" height=\"3508\" \/><\/a><\/p>\n<p style=\"text-align:center;\">[<a href=\"https:\/\/www.cronomancha.com\/a-pie\/371-iv-san-silvestre-casasdevesana\" target=\"_blank\" rel=\"noopener\">INSCRIPCIONES<\/a>]<\/p>\n<p style=\"text-align:center;\">[<a href=\"https:\/\/bmtcasasdeves.com\/wp-content\/uploads\/2016\/12\/reglamento-y-autorizacion-20161.pdf\" target=\"_blank\" rel=\"noopener\">REGLAMENTO Y AUTORIZACI\u00d3N A MENORES<\/a>]<\/p>\n<p style=\"text-align:center;\">[<a href=\"https:\/\/www.strava.com\/segments\/13865437\" target=\"_blank\" rel=\"noopener\">Segmento strava<\/a>] [<a href=\"https:\/\/connect.garmin.com\/modern\/segment\/603d9d9d39d14c2db8bbe6b162815d31\" target=\"_blank\" rel=\"noopener\">Segmento garmin<\/a>]<\/p>\n<p style=\"text-align:center;\">[<a href=\"https:\/\/bmtcasasdeves.com\/wp-content\/uploads\/2016\/12\/dorsal.jpg\" target=\"_blank\" rel=\"noopener\">Dorsal<\/a>]<\/p>\n<hr \/>\n<p>&nbsp;<\/p>\n<p style=\"text-align:center;\">\n","protected":false},"excerpt":{"rendered":"<p>[RESULTADOS] [FOTOS ANA ADELA] [FOTOS ASCEN P\u00c9REZ] [FOTOS INMA G\u00d3RRIZ] [VIDEO SALIDA] [VIDEO META] [INSCRIPCIONES] [REGLAMENTO Y AUTORIZACI\u00d3N A MENORES] [Segmento strava] [Segmento garmin] [Dorsal] &nbsp;<\/p>\n","protected":false},"author":3,"featured_media":0,"parent":0,"menu_order":0,"comment_status":"closed","ping_status":"closed","template":"","meta":{"jetpack_post_was_ever_published":false,"footnotes":""},"class_list":["post-401","page","type-page","status-publish","hentry"],"yoast_head":"<!-- This site is optimized with the Yoast SEO plugin v27.4 - https:\/\/yoast.com\/product\/yoast-seo-wordpress\/ -->\n<title>IV San Silvestre 2016 - BMT Casas de Ves<\/title>\n<meta name=\"robots\" content=\"index, follow, max-snippet:-1, max-image-preview:large, max-video-preview:-1\" \/>\n<link rel=\"canonical\" href=\"https:\/\/bmtcasasdeves.com\/index.php\/san-silvestre-casasdevesana\/\" \/>\n<meta property=\"og:locale\" content=\"es_ES\" \/>\n<meta property=\"og:type\" content=\"article\" \/>\n<meta property=\"og:title\" content=\"IV San Silvestre 2016 - BMT Casas de Ves\" \/>\n<meta property=\"og:description\" content=\"[RESULTADOS] [FOTOS ANA ADELA] [FOTOS ASCEN P\u00c9REZ] [FOTOS INMA G\u00d3RRIZ] [VIDEO SALIDA] [VIDEO META] [INSCRIPCIONES] [REGLAMENTO Y AUTORIZACI\u00d3N A MENORES] [Segmento strava] [Segmento garmin] [Dorsal] &nbsp;\" \/>\n<meta property=\"og:url\" content=\"https:\/\/bmtcasasdeves.com\/index.php\/san-silvestre-casasdevesana\/\" \/>\n<meta property=\"og:site_name\" content=\"BMT Casas de Ves\" \/>\n<meta property=\"og:image\" content=\"https:\/\/bmtcasasdeves.com\/wp-content\/uploads\/2017\/01\/captura-de-pantalla-2017-01-01-a-las-23-32-52.png\" \/>\n<meta name=\"twitter:card\" content=\"summary_large_image\" \/>\n<script type=\"application\/ld+json\" class=\"yoast-schema-graph\">{\"@context\":\"https:\\\/\\\/schema.org\",\"@graph\":[{\"@type\":\"WebPage\",\"@id\":\"https:\\\/\\\/bmtcasasdeves.com\\\/index.php\\\/san-silvestre-casasdevesana\\\/\",\"url\":\"https:\\\/\\\/bmtcasasdeves.com\\\/index.php\\\/san-silvestre-casasdevesana\\\/\",\"name\":\"IV San Silvestre 2016 - BMT Casas de Ves\",\"isPartOf\":{\"@id\":\"https:\\\/\\\/bmtcasasdeves.com\\\/#website\"},\"primaryImageOfPage\":{\"@id\":\"https:\\\/\\\/bmtcasasdeves.com\\\/index.php\\\/san-silvestre-casasdevesana\\\/#primaryimage\"},\"image\":{\"@id\":\"https:\\\/\\\/bmtcasasdeves.com\\\/index.php\\\/san-silvestre-casasdevesana\\\/#primaryimage\"},\"thumbnailUrl\":\"https:\\\/\\\/bmtcasasdeves.com\\\/wp-content\\\/uploads\\\/2017\\\/01\\\/captura-de-pantalla-2017-01-01-a-las-23-32-52.png\",\"datePublished\":\"2015-12-08T18:16:00+00:00\",\"breadcrumb\":{\"@id\":\"https:\\\/\\\/bmtcasasdeves.com\\\/index.php\\\/san-silvestre-casasdevesana\\\/#breadcrumb\"},\"inLanguage\":\"es\",\"potentialAction\":[{\"@type\":\"ReadAction\",\"target\":[\"https:\\\/\\\/bmtcasasdeves.com\\\/index.php\\\/san-silvestre-casasdevesana\\\/\"]}]},{\"@type\":\"ImageObject\",\"inLanguage\":\"es\",\"@id\":\"https:\\\/\\\/bmtcasasdeves.com\\\/index.php\\\/san-silvestre-casasdevesana\\\/#primaryimage\",\"url\":\"https:\\\/\\\/bmtcasasdeves.com\\\/wp-content\\\/uploads\\\/2017\\\/01\\\/captura-de-pantalla-2017-01-01-a-las-23-32-52.png\",\"contentUrl\":\"https:\\\/\\\/bmtcasasdeves.com\\\/wp-content\\\/uploads\\\/2017\\\/01\\\/captura-de-pantalla-2017-01-01-a-las-23-32-52.png\",\"width\":570,\"height\":639},{\"@type\":\"BreadcrumbList\",\"@id\":\"https:\\\/\\\/bmtcasasdeves.com\\\/index.php\\\/san-silvestre-casasdevesana\\\/#breadcrumb\",\"itemListElement\":[{\"@type\":\"ListItem\",\"position\":1,\"name\":\"Portada\",\"item\":\"https:\\\/\\\/bmtcasasdeves.com\\\/\"},{\"@type\":\"ListItem\",\"position\":2,\"name\":\"IV San Silvestre 2016\"}]},{\"@type\":\"WebSite\",\"@id\":\"https:\\\/\\\/bmtcasasdeves.com\\\/#website\",\"url\":\"https:\\\/\\\/bmtcasasdeves.com\\\/\",\"name\":\"BMT Casas de Ves\",\"description\":\"Club atletismo-orientaci\u00f3n-ciclismo de Casas de Ves\",\"publisher\":{\"@id\":\"https:\\\/\\\/bmtcasasdeves.com\\\/#organization\"},\"potentialAction\":[{\"@type\":\"SearchAction\",\"target\":{\"@type\":\"EntryPoint\",\"urlTemplate\":\"https:\\\/\\\/bmtcasasdeves.com\\\/?s={search_term_string}\"},\"query-input\":{\"@type\":\"PropertyValueSpecification\",\"valueRequired\":true,\"valueName\":\"search_term_string\"}}],\"inLanguage\":\"es\"},{\"@type\":\"Organization\",\"@id\":\"https:\\\/\\\/bmtcasasdeves.com\\\/#organization\",\"name\":\"BMT Casas de Ves\",\"url\":\"https:\\\/\\\/bmtcasasdeves.com\\\/\",\"logo\":{\"@type\":\"ImageObject\",\"inLanguage\":\"es\",\"@id\":\"https:\\\/\\\/bmtcasasdeves.com\\\/#\\\/schema\\\/logo\\\/image\\\/\",\"url\":\"https:\\\/\\\/bmtcasasdeves.com\\\/wp-content\\\/uploads\\\/2021\\\/02\\\/cropped-Banner-Web-01-2-scaled-1.jpg\",\"contentUrl\":\"https:\\\/\\\/bmtcasasdeves.com\\\/wp-content\\\/uploads\\\/2021\\\/02\\\/cropped-Banner-Web-01-2-scaled-1.jpg\",\"width\":2000,\"height\":1200,\"caption\":\"BMT Casas de Ves\"},\"image\":{\"@id\":\"https:\\\/\\\/bmtcasasdeves.com\\\/#\\\/schema\\\/logo\\\/image\\\/\"}}]}<\/script>\n<!-- \/ Yoast SEO plugin. -->","yoast_head_json":{"title":"IV San Silvestre 2016 - BMT Casas de Ves","robots":{"index":"index","follow":"follow","max-snippet":"max-snippet:-1","max-image-preview":"max-image-preview:large","max-video-preview":"max-video-preview:-1"},"canonical":"https:\/\/bmtcasasdeves.com\/index.php\/san-silvestre-casasdevesana\/","og_locale":"es_ES","og_type":"article","og_title":"IV San Silvestre 2016 - BMT Casas de Ves","og_description":"[RESULTADOS] [FOTOS ANA ADELA] [FOTOS ASCEN P\u00c9REZ] [FOTOS INMA G\u00d3RRIZ] [VIDEO SALIDA] [VIDEO META] [INSCRIPCIONES] [REGLAMENTO Y AUTORIZACI\u00d3N A MENORES] [Segmento strava] [Segmento garmin] [Dorsal] &nbsp;","og_url":"https:\/\/bmtcasasdeves.com\/index.php\/san-silvestre-casasdevesana\/","og_site_name":"BMT Casas de Ves","og_image":[{"url":"https:\/\/bmtcasasdeves.com\/wp-content\/uploads\/2017\/01\/captura-de-pantalla-2017-01-01-a-las-23-32-52.png","type":"","width":"","height":""}],"twitter_card":"summary_large_image","schema":{"@context":"https:\/\/schema.org","@graph":[{"@type":"WebPage","@id":"https:\/\/bmtcasasdeves.com\/index.php\/san-silvestre-casasdevesana\/","url":"https:\/\/bmtcasasdeves.com\/index.php\/san-silvestre-casasdevesana\/","name":"IV San Silvestre 2016 - BMT Casas de Ves","isPartOf":{"@id":"https:\/\/bmtcasasdeves.com\/#website"},"primaryImageOfPage":{"@id":"https:\/\/bmtcasasdeves.com\/index.php\/san-silvestre-casasdevesana\/#primaryimage"},"image":{"@id":"https:\/\/bmtcasasdeves.com\/index.php\/san-silvestre-casasdevesana\/#primaryimage"},"thumbnailUrl":"https:\/\/bmtcasasdeves.com\/wp-content\/uploads\/2017\/01\/captura-de-pantalla-2017-01-01-a-las-23-32-52.png","datePublished":"2015-12-08T18:16:00+00:00","breadcrumb":{"@id":"https:\/\/bmtcasasdeves.com\/index.php\/san-silvestre-casasdevesana\/#breadcrumb"},"inLanguage":"es","potentialAction":[{"@type":"ReadAction","target":["https:\/\/bmtcasasdeves.com\/index.php\/san-silvestre-casasdevesana\/"]}]},{"@type":"ImageObject","inLanguage":"es","@id":"https:\/\/bmtcasasdeves.com\/index.php\/san-silvestre-casasdevesana\/#primaryimage","url":"https:\/\/bmtcasasdeves.com\/wp-content\/uploads\/2017\/01\/captura-de-pantalla-2017-01-01-a-las-23-32-52.png","contentUrl":"https:\/\/bmtcasasdeves.com\/wp-content\/uploads\/2017\/01\/captura-de-pantalla-2017-01-01-a-las-23-32-52.png","width":570,"height":639},{"@type":"BreadcrumbList","@id":"https:\/\/bmtcasasdeves.com\/index.php\/san-silvestre-casasdevesana\/#breadcrumb","itemListElement":[{"@type":"ListItem","position":1,"name":"Portada","item":"https:\/\/bmtcasasdeves.com\/"},{"@type":"ListItem","position":2,"name":"IV San Silvestre 2016"}]},{"@type":"WebSite","@id":"https:\/\/bmtcasasdeves.com\/#website","url":"https:\/\/bmtcasasdeves.com\/","name":"BMT Casas de Ves","description":"Club atletismo-orientaci\u00f3n-ciclismo de Casas de Ves","publisher":{"@id":"https:\/\/bmtcasasdeves.com\/#organization"},"potentialAction":[{"@type":"SearchAction","target":{"@type":"EntryPoint","urlTemplate":"https:\/\/bmtcasasdeves.com\/?s={search_term_string}"},"query-input":{"@type":"PropertyValueSpecification","valueRequired":true,"valueName":"search_term_string"}}],"inLanguage":"es"},{"@type":"Organization","@id":"https:\/\/bmtcasasdeves.com\/#organization","name":"BMT Casas de Ves","url":"https:\/\/bmtcasasdeves.com\/","logo":{"@type":"ImageObject","inLanguage":"es","@id":"https:\/\/bmtcasasdeves.com\/#\/schema\/logo\/image\/","url":"https:\/\/bmtcasasdeves.com\/wp-content\/uploads\/2021\/02\/cropped-Banner-Web-01-2-scaled-1.jpg","contentUrl":"https:\/\/bmtcasasdeves.com\/wp-content\/uploads\/2021\/02\/cropped-Banner-Web-01-2-scaled-1.jpg","width":2000,"height":1200,"caption":"BMT Casas de Ves"},"image":{"@id":"https:\/\/bmtcasasdeves.com\/#\/schema\/logo\/image\/"}}]}},"jetpack_sharing_enabled":true,"_links":{"self":[{"href":"https:\/\/bmtcasasdeves.com\/index.php\/wp-json\/wp\/v2\/pages\/401","targetHints":{"allow":["GET"]}}],"collection":[{"href":"https:\/\/bmtcasasdeves.com\/index.php\/wp-json\/wp\/v2\/pages"}],"about":[{"href":"https:\/\/bmtcasasdeves.com\/index.php\/wp-json\/wp\/v2\/types\/page"}],"author":[{"embeddable":true,"href":"https:\/\/bmtcasasdeves.com\/index.php\/wp-json\/wp\/v2\/users\/3"}],"replies":[{"embeddable":true,"href":"https:\/\/bmtcasasdeves.com\/index.php\/wp-json\/wp\/v2\/comments?post=401"}],"version-history":[{"count":0,"href":"https:\/\/bmtcasasdeves.com\/index.php\/wp-json\/wp\/v2\/pages\/401\/revisions"}],"wp:attachment":[{"href":"https:\/\/bmtcasasdeves.com\/index.php\/wp-json\/wp\/v2\/media?parent=401"}],"curies":[{"name":"wp","href":"https:\/\/api.w.org\/{rel}","templated":true}]}}

<p style="text-align:center;">[<a href="https://www.cronomancha.com/component/eventdata/371" target="_blank" rel="noopener">RESULTADOS</a>]</p>
<p style="text-align:center;"><img loading="lazy" decoding="async" class="alignnone size-full wp-image-1491" src="https://bmtcasasdeves.com/wp-content/uploads/2017/01/captura-de-pantalla-2017-01-01-a-las-23-32-52.png" alt="captura-de-pantalla-2017-01-01-a-las-23-32-52" width="570" height="639" srcset="https://bmtcasasdeves.com/wp-content/uploads/2017/01/captura-de-pantalla-2017-01-01-a-las-23-32-52.png 570w, https://bmtcasasdeves.com/wp-content/uploads/2017/01/captura-de-pantalla-2017-01-01-a-las-23-32-52-268x300.png 268w" sizes="auto, (max-width: 570px) 100vw, 570px" /></p>
<p style="text-align:center;">[<a href="https://goo.gl/photos/CvkisLtKW3QKmZf58" target="_blank" rel="noopener">FOTOS ANA ADELA</a>]</p>
<p style="text-align:center;">[<a href="https://goo.gl/photos/UrpSAUsxWUfWBZAQA" target="_blank" rel="noopener">FOTOS ASCEN PÉREZ</a>]</p>
<p style="text-align:center;">[<a href="https://goo.gl/photos/pCKGZH1mJC3mDPbE6" target="_blank" rel="noopener">FOTOS INMA GÓRRIZ</a>]</p>
<p style="text-align:center;">[<a href="https://www.facebook.com/bmtcasasdeves/videos/1190075551073748/" target="_blank" rel="noopener">VIDEO SALIDA</a>]</p>
<p style="text-align:center;">[<a href="https://www.youtube.com/watch?v=1iIu3L9T3Hg" target="_blank" rel="noopener">VIDEO META</a>]</p>
<p><a href="https://bmtcasasdeves.com/wp-content/uploads/2016/12/sansilvestre20161.jpg" target="_blank" rel="noopener"><img loading="lazy" decoding="async" class="alignnone size-full wp-image-1403" src="https://bmtcasasdeves.com/wp-content/uploads/2016/12/sansilvestre20161.jpg" alt="sansilvestre2016" width="2480" height="3508" /></a></p>
<p style="text-align:center;">[<a href="https://www.cronomancha.com/a-pie/371-iv-san-silvestre-casasdevesana" target="_blank" rel="noopener">INSCRIPCIONES</a>]</p>
<p style="text-align:center;">[<a href="https://bmtcasasdeves.com/wp-content/uploads/2016/12/reglamento-y-autorizacion-20161.pdf" target="_blank" rel="noopener">REGLAMENTO Y AUTORIZACIÓN A MENORES</a>]</p>
<p style="text-align:center;">[<a href="https://www.strava.com/segments/13865437" target="_blank" rel="noopener">Segmento strava</a>] [<a href="https://connect.garmin.com/modern/segment/603d9d9d39d14c2db8bbe6b162815d31" target="_blank" rel="noopener">Segmento garmin</a>]</p>
<p style="text-align:center;">[<a href="https://bmtcasasdeves.com/wp-content/uploads/2016/12/dorsal.jpg" target="_blank" rel="noopener">Dorsal</a>]</p>
<hr />
<p>&nbsp;</p>
<p style="text-align:center;">

<p>[RESULTADOS] [FOTOS ANA ADELA] [FOTOS ASCEN PÉREZ] [FOTOS INMA GÓRRIZ] [VIDEO SALIDA] [VIDEO META] [INSCRIPCIONES] [REGLAMENTO Y AUTORIZACIÓN A MENORES] [Segmento strava] [Segmento garmin] [Dorsal] &nbsp;</p>

<!-- This site is optimized with the Yoast SEO plugin v27.4 - https://yoast.com/product/yoast-seo-wordpress/ -->
<title>IV San Silvestre 2016 - BMT Casas de Ves</title>
<meta name="robots" content="index, follow, max-snippet:-1, max-image-preview:large, max-video-preview:-1" />
<link rel="canonical" href="https://bmtcasasdeves.com/index.php/san-silvestre-casasdevesana/" />
<meta property="og:locale" content="es_ES" />
<meta property="og:type" content="article" />
<meta property="og:title" content="IV San Silvestre 2016 - BMT Casas de Ves" />
<meta property="og:description" content="[RESULTADOS] [FOTOS ANA ADELA] [FOTOS ASCEN PÉREZ] [FOTOS INMA GÓRRIZ] [VIDEO SALIDA] [VIDEO META] [INSCRIPCIONES] [REGLAMENTO Y AUTORIZACIÓN A MENORES] [Segmento strava] [Segmento garmin] [Dorsal] &nbsp;" />
<meta property="og:url" content="https://bmtcasasdeves.com/index.php/san-silvestre-casasdevesana/" />
<meta property="og:site_name" content="BMT Casas de Ves" />
<meta property="og:image" content="https://bmtcasasdeves.com/wp-content/uploads/2017/01/captura-de-pantalla-2017-01-01-a-las-23-32-52.png" />
<meta name="twitter:card" content="summary_large_image" />
<script type="application/ld+json" class="yoast-schema-graph">{"@context":"https:\/\/schema.org","@graph":[{"@type":"WebPage","@id":"https:\/\/bmtcasasdeves.com\/index.php\/san-silvestre-casasdevesana\/","url":"https:\/\/bmtcasasdeves.com\/index.php\/san-silvestre-casasdevesana\/","name":"IV San Silvestre 2016 - BMT Casas de Ves","isPartOf":{"@id":"https:\/\/bmtcasasdeves.com\/#website"},"primaryImageOfPage":{"@id":"https:\/\/bmtcasasdeves.com\/index.php\/san-silvestre-casasdevesana\/#primaryimage"},"image":{"@id":"https:\/\/bmtcasasdeves.com\/index.php\/san-silvestre-casasdevesana\/#primaryimage"},"thumbnailUrl":"https:\/\/bmtcasasdeves.com\/wp-content\/uploads\/2017\/01\/captura-de-pantalla-2017-01-01-a-las-23-32-52.png","datePublished":"2015-12-08T18:16:00+00:00","breadcrumb":{"@id":"https:\/\/bmtcasasdeves.com\/index.php\/san-silvestre-casasdevesana\/#breadcrumb"},"inLanguage":"es","potentialAction":[{"@type":"ReadAction","target":["https:\/\/bmtcasasdeves.com\/index.php\/san-silvestre-casasdevesana\/"]}]},{"@type":"ImageObject","inLanguage":"es","@id":"https:\/\/bmtcasasdeves.com\/index.php\/san-silvestre-casasdevesana\/#primaryimage","url":"https:\/\/bmtcasasdeves.com\/wp-content\/uploads\/2017\/01\/captura-de-pantalla-2017-01-01-a-las-23-32-52.png","contentUrl":"https:\/\/bmtcasasdeves.com\/wp-content\/uploads\/2017\/01\/captura-de-pantalla-2017-01-01-a-las-23-32-52.png","width":570,"height":639},{"@type":"BreadcrumbList","@id":"https:\/\/bmtcasasdeves.com\/index.php\/san-silvestre-casasdevesana\/#breadcrumb","itemListElement":[{"@type":"ListItem","position":1,"name":"Portada","item":"https:\/\/bmtcasasdeves.com\/"},{"@type":"ListItem","position":2,"name":"IV San Silvestre 2016"}]},{"@type":"WebSite","@id":"https:\/\/bmtcasasdeves.com\/#website","url":"https:\/\/bmtcasasdeves.com\/","name":"BMT Casas de Ves","description":"Club atletismo-orientación-ciclismo de Casas de Ves","publisher":{"@id":"https:\/\/bmtcasasdeves.com\/#organization"},"potentialAction":[{"@type":"SearchAction","target":{"@type":"EntryPoint","urlTemplate":"https:\/\/bmtcasasdeves.com\/?s={search_term_string}"},"query-input":{"@type":"PropertyValueSpecification","valueRequired":true,"valueName":"search_term_string"}}],"inLanguage":"es"},{"@type":"Organization","@id":"https:\/\/bmtcasasdeves.com\/#organization","name":"BMT Casas de Ves","url":"https:\/\/bmtcasasdeves.com\/","logo":{"@type":"ImageObject","inLanguage":"es","@id":"https:\/\/bmtcasasdeves.com\/#\/schema\/logo\/image\/","url":"https:\/\/bmtcasasdeves.com\/wp-content\/uploads\/2021\/02\/cropped-Banner-Web-01-2-scaled-1.jpg","contentUrl":"https:\/\/bmtcasasdeves.com\/wp-content\/uploads\/2021\/02\/cropped-Banner-Web-01-2-scaled-1.jpg","width":2000,"height":1200,"caption":"BMT Casas de Ves"},"image":{"@id":"https:\/\/bmtcasasdeves.com\/#\/schema\/logo\/image\/"}}]}</script>
<!-- / Yoast SEO plugin. -->

[RESULTADOS] [FOTOS ANA ADELA] [FOTOS ASCEN PÉREZ] [FOTOS INMA GÓRRIZ] [VIDEO SALIDA] [VIDEO META] [INSCRIPCIONES] [REGLAMENTO Y AUTORIZACIÓN A MENORES] [Segmento strava] [Segmento garmin] [Dorsal] &nbsp;

Club atletismo-orientación-ciclismo de Casas de Ves
